72 = 5*v - 11, -3*v - r*q - 21 = 0. What are the prime factors of (-6)/(24/v - -2)?
3, 11
Let i(b) = 365*b**3 - 4*b**2 + 4*b. List the prime factors of i(1).
5, 73
Let c(l) = l**2 - 14*l + 31. Let k be c(-9). Let u = -158 + k. List the prime factors of u.
2, 5
Let m(w) = w**3 + 22*w**2 - 49*w + 49. List the prime factors of m(-20).
31, 59
Suppose 0 = -66*r + 61*r. Suppose -3*k + 4*x + 434 = r, 198 = 2*k + 4*x - 58. What are the prime factors of k?
2, 3, 23
List the prime factors of (-426)/(-1)*66/99.
2, 71
List the prime factors of ((-23)/138)/(1/(-3594)).
599
Suppose -26 = -3*h + 2*h + 5*w, 3*w = -h + 18. Let b = -4 - h. Let y = -18 - b. List the prime factors of y.
7
Let f = -131 + 219. Let u = -45 + f. What are the prime factors of u?
43
Suppose -7*t = -1283 - 1573. Suppose 0 = 5*f - 72 - t. What are the prime factors of f?
2, 3
Let g = -19 - -24. Let m = 94 + -22. Suppose 2*b - 17 = -g*o + 35, 4*b = -2*o + m. List the prime factors of b.
2
Suppose x - 87 = 2*x + 5*d, x = -3*d - 81. Let h = 44 - x. List the prime factors of h.
2, 29
Let h(a) = 1042*a**3 + a**2 - 3*a + 2. What are the prime factors of h(1)?
2, 521
List the prime factors of ((-398)/12)/(11/(-462)).
7, 199
Let c be ((-78)/7)/((-4)/56). Suppose -c = n + 3*h, 5*h - 273 - 209 = 3*n. List the prime factors of (26/39)/((-2)/n).
53
Let i(p) = 4*p**2 - 96. List the prime factors of i(-7).
2, 5
Suppose -5*b + 80 = -450. Let u = b + -20. What are the prime factors of u?
2, 43
Let m = 516 + 1192. List the prime factors of m.
2, 7, 61
Let j(b) = -2*b**3 + 5*b**2 + 4*b + 6. Let w be j(-4). Let m = w - 138. What are the prime factors of m?
2, 3, 5
Suppose 0*f - 4*f + 176 = 0. Suppose -14*h + 13*h = -f. What are the prime factors of h?
2, 11
Let x(a) = 24*a + 149. List the prime factors of x(-5).
29
Let n(b) = 3*b**2 - 5. Let k(j) = j**3 + 5*j**2 - j - 5. Let o be k(-5). Suppose -4*y + 2*y - 7 = q, -3*y - 15 = o. What are the prime factors of n(q)?
2, 11
Suppose -2147 - 519 = -3*d - f, -3*d = -4*f - 2656. List the prime factors of d.
2, 3, 37
Let j(v) = v**3 + 20*v**2 - 38*v - 83. What are the prime factors of j(-17)?
2, 5, 11, 13
Suppose -636 = -3*y + 7*y. Let x = y - -225. What are the prime factors of x?
2, 3, 11
Let p be ((-18)/(-21))/(6/21) - -423. Suppose -65 = -c + 3*n, -4*n = -5*c - 57 + p. What are the prime factors of c?
7, 11
Let g be 3/((-2)/(-2) - 2). Suppose 5*a + 10 - 5 = 0, 18 = -5*k - 3*a. What are the prime factors of 45/(k/g) - -4?
7
Suppose 0 = -5*z - 3*q - 711, -3*z - 2*z - 732 = -4*q. Let v = 237 + z. List the prime factors of v.
3, 31
Suppose -9*b - 11*b + 17560 = 0. List the prime factors of b.
2, 439
Let b = 81 - -817. What are the prime factors of b?
2, 449
Suppose 5*u = -0 + 110. Let n be (u/4)/(7/14). Suppose -d + 2*d = -3*j + n, 3*j = d - 41. List the prime factors of d.
2, 13
Let q be (-2)/(-8) - 76/(-16). Let a(x) = 9 + q - 6 + 6*x. List the prime factors of a(6).
2, 11
Let a(b) = 6*b**3 + 10*b**2 + 3*b - 5. Let l(g) = 7*g**3 + 9*g**2 + 3*g - 5. Let u(k) = -6*a(k) + 5*l(k). What are the prime factors of u(-15)?
2, 5
Suppose -13*w + 25 = -18*w. What are the prime factors of w/((-15)/393)*1?
131
Let x = 1478 + -919. What are the prime factors of x?
13, 43
Suppose -3*b - 3*b + 11028 = 0. List the prime factors of b.
2, 919
Let w = 27 - -54. Suppose -2*t + 4*x + 28 + 2 = 0, -5*t + w = -4*x. Let a = t - -18. List the prime factors of a.
5, 7
Suppose -2*h + 0*h = 10, 53 = 4*t - h. Let v = t + -9. Suppose 148 + 5 = v*f. What are the prime factors of f?
3, 17
Let p(k) be the second derivative of k**4/3 - 5*k**3/6 + k**2/2 - 12*k. What are the prime factors of p(-4)?
5, 17
Suppose 2*x = 15*x + 312. What are the prime factors of -8*(x + 0) - 0?
2, 3
Suppose 18 = 2*w - 2*r, 4*r - 6*r - 44 = -4*w. Suppose w*l - 10*l = 195. List the prime factors of l.
5, 13
List the prime factors of (1 + -2)/(-9 + (-372)/(-42)).
7
Let v(d) = -121*d - 176. What are the prime factors of v(-29)?
3, 11, 101
Suppose 10*b = 2*b - 360. List the prime factors of (-4)/(-30) + (-73)/b*93.
151
Let d be 2/8 - (-45114)/24. Suppose d = 8*w + 24. List the prime factors of w.
2, 29
Suppose 4979 = 3*w + 10*w. List the prime factors of w.
383
Let p(v) = 37*v - 10. List the prime factors of p(10).
2, 3, 5
Let r(h) = h**2 + 4*h + 2. Let v be r(-4). Suppose -g + 4*g + 3*t - 675 = 0, v*g - 415 = 5*t. What are the prime factors of g?
2, 5, 11
Suppose 5*h - 485 = -5*r, -9*r + 8*r = 3*h - 97. List the prime factors of r.
97
Let j = 107 + -35. Let l = j + -11. What are the prime factors of l?
61
Let t(m) = 1246*m**2 + 2*m + 2. List the prime factors of t(1).
2, 5
Suppose 5*s - 2651 = -5*z + 489, -4*z = 2*s - 2516. What are the prime factors of z?
2, 3, 5, 7
Let i be (0 + -1)/(4/(-20)). Suppose 0*y + 30 = i*y. Suppose y*l = l + 160. List the prime factors of l.
2
Suppose -15*r + 10*r = -15. Suppose 0 = -r*h + 5*t + 60, -4*h + 3*t = -0*h - 69. What are the prime factors of h*(-1)/(1/(-3))?
3, 5
Let g(v) be the first derivative of 2*v**3/3 + v**2 + v + 4. Let b be g(-2). List the prime factors of b/(-10) + (-14)/(-4).
3
Let m(q) = -q**3 + 16*q**2 - 17*q + 16. Suppose -a - 3*d = -11, 4*d - 66 = -12*a + 7*a. What are the prime factors of m(a)?
2, 5, 17
Suppose 7*c = 3*m + 2*c + 20, -70 = 5*m - c. Let a be (20/m)/(4/(-9)). Suppose 8 = a*o - 19. What are the prime factors of o?
3
Suppose -2*f + f = 3*q - 174, -q - 3*f + 50 = 0. Suppose 30 = 3*m + 3*b, 0 = -2*m - 3*m + 4*b + q. List the prime factors of m.
11
Suppose -162*m + 156*m + 20814 = 0. List the prime factors of m.
3469
Suppose 2*y + t - 290 = 5*y, -4*t = 3*y + 310. Let a = 76 - y. What are the prime factors of a?
2, 3, 29
Let v be 464/(-40) + 2/(-5). Let a(h) = -5*h + 12. Let b be a(v). Suppose m + b = 3*m. What are the prime factors of m?
2, 3
Suppose -3*d = 2*t - 47, -3*d + 4*t = -t - 40. Let y = -5 + d. List the prime factors of y.
2, 5
Let z(g) = -10*g - 21 - 13 + 45 + 11*g**2 - g**3. What are the prime factors of z(7)?
137
Let p = -63 + 103. Suppose 0 = 5*g, 3*i - g - 2 - p = 0. What are the prime factors of i?
2, 7
Suppose 4*w = 11*w - 42. Suppose 4*z = w*z - 68. What are the prime factors of z?
2, 17
Let g = -100 + 147. Let k = -3 + g. What are the prime factors of k?
2, 11
Let j(t) = 18*t + 4. Let v be j(6). Let l be v/32*(-16)/(-14). Suppose 16 + 196 = l*k. List the prime factors of k.
53
Let c = -13 - -15. Suppose -2*h = c*h - 236. What are the prime factors of h?
59
Let k(s) = s**3 + 6*s**2 - 6*s + 16. Let c be k(-7). Suppose c*h - 305 = 4*h. What are the prime factors of h?
61
Suppose -12*b - 6 = -14*b. What are the prime factors of b/(-7) + (-636)/(-14)?
3, 5
Let o(p) = -14*p - 54. Let k(v) = 1. Let r(b) = -5*k(b) + o(b). List the prime factors of r(-17).
179
List the prime factors of 15/45 - (-4614)/9.
3, 19
Suppose 3*b + b = 0. Suppose -4*c + 35 = -q - b*q, -2*q - 34 = -4*c. What are the prime factors of c?
3
Let t = -27 + 9. Let m(b) = -b - 38. Let k be m(t). List the prime factors of (-682)/k - 16/160.
2, 17
Suppose -63*j = -91*j + 23240. What are the prime factors of j?
2, 5, 83
Let z(y) = y**2 - 6*y + 1. Let v be z(7). Suppose v*a - 248 = -104. List the prime factors of a.
2, 3
Suppose -581 = -12*h + 499. What are the prime factors of h?
2, 3, 5
What are the prime factors of (-8 - -5) + 160 + -4?
3, 17
Let g = 315 - 310. List the prime factors of g.
5
Let n be (-1)/((-222)/219 - -1). Let b = n + -14. What are the prime factors of b?
59
Suppose 3*g - 3*f = 3, -5*g + 8 + 9 = f. Suppose 2*h - 6*h = 5*m - 196, 2*h + 122 = g*m. List the prime factors of m.
2, 5
Let f(v) = -41*v - 2. Let i be f(4). Let d = -96 - i. What are the prime factors of d?
2, 5, 7
What are the prime factors of ((2286/4)/(-3))/(126/(-168))?
2, 127
Let t = 28 + -15. Let l = 8 - t. List the prime factors of 35*4/(-50)*l.
2, 7
Let n(p) = -12*p - 10. Let j be n(7). Let g = j + 199. List the prime factors of (g/(-6))/(1/(-4)).
2, 5, 7
Let u(l) = 10*l + 72. What are the prime factors of u(14)?
2, 53
Let y = 485 + -333. Suppose 0*t - d + 103 = 2*t, 0 = -3*t - d + y. What are the prime factors of t?
7
Suppose 3*x = 18*t - 20*t + 1349, -5*x + 4*t = -2285. List the prime factors of x.
3, 151
Suppose -2*b + 340 = 3*b. Let c = -36 + b. Let s = -12 + c. What are the prime factors of s